= r*i(d) - 3*n(d). What is w(2)?
2
Suppose 0 = 4*r - 5*r. Let g(c) = 3 + r*c**2 + c**2 + 3*c + 2*c. What is g(-2)?
-3
Let u(v) = -v**2 - 3 + 2 - v**3 + 3. Calculate u(0).
2
Let z(a) = -4 - 13 + a + 2 + 5. Give z(0).
-10
Let q(d) = d - 3. Let r be q(3). Let c(j) = j**3 + j**2 + 4. What is c(r)?
4
Let k = -144 - -140. Let y(g) = -g**2 - 3*g - 3. Calculate y(k).
-7
Let k(d) = d**2 - 2*d - 2. Let f = 0 + -1. Let v = f - 3. Let q be (-16)/(-6)*(-6)/v. Calculate k(q).
6
Let h(y) = -2 - 2 + 4 + 4 + 4*y. Determine h(-4).
-12
Let z be 15/4 + 3/12. Let k(f) = -4*f + f**3 + 5*f**2 - z*f**2 + 5*f - 1. What is k(0)?
-1
Let o(q) = q**3 + 6*q**2 + 2*q + 2. Let r(p) = -3*p**3 - 18*p**2 - 5*p - 5. Let m(s) = 17*o(s) + 6*r(s). Give m(-3).
-35
Let a = 20 - 18. Suppose 6 = -a*w + 4*w. Let d(m) = m**2 - 4*m - 1. Give d(w).
-4
Let c(f) be the third derivative of f**5/60 - f**4/4 + 5*f**3/6 + 7*f**2. Determine c(5).
0
Let o = 24 + -19. Let t(w) = w**2 - w**3 + o*w**2 - w**2 - 7*w + 3*w. Give t(3).
6
Let s(i) = -i**3 - i - 4 - 1 + 4*i**2 + 0 + 3. Let m = 1 + 2. Let z be s(m). Let t(n) = -n**2 + 6*n - 6. Determine t(z).
2
Let k(t) = -3*t - 4*t**2 - t + 1 - 2*t**3 - 3. Suppose -3*z + 7 - 1 = 0. Let l be 1/(-2 - (-3)/z). Give k(l).
6
Let g(x) be the first derivative of 1 + 3/2*x**2 - 1/3*x**3 - 3*x. Determine g(4).
-7
Let m(k) = 0*k**3 + 0 + 365*k - 363*k + 1 + k**3. Calculate m(-2).
-11
Suppose s + 4*s = 5. Let i(w) = -1 - 2*w + w**3 + 5 - w**2 - s. Suppose -3*y - 5*x = -1, -y - 3 = -x - 6. Calculate i(y).
3
Let x(w) = -w**3 - 7*w**2 + w + 9. Suppose l + 2*l = -21. Give x(l).
2
Let f(x) be the first derivative of 0*x + 2*x**2 - 2*x - 5 - x**2. Give f(-3).
-8
Let s(z) = 4*z + 3. Let x be -3*(-3 - (-3 + 1)). Suppose -23 = 4*f - 3*t - 5, -x*f = 3*t + 3. Give s(f).
-9
Let j(v) = v**3 + 9*v - 2*v**2 - 3 + 1 - 7*v. Let y be j(2). Let x(p) = -p + 0*p**2 + p**3 + 2*p**2 + p**y. Give x(-2).
6
Let k = 4 - 5. Let u(f) be the first derivative of -f**3/3 - f**2/2 - 1. Calculate u(k).
0
Let u(q) = 6*q**2 - 2*q - 2. Let r(d) = -d**2 + d + 1. Let t(y) = 5*r(y) + u(y). Suppose -2*b - 24 = -4*b. Let i be (-2)/(-3)*(-54)/b. Calculate t(i).
3
Let s(c) = -c + 0 - 4 - 1. Let d be s(-8). Let p(y) = 3*y + y - 4 + d. What is p(1)?
3
Suppose -5*g + 2 = -i, -6 = 2*g + 3*g + 3*i. Let w = 18 - 10. Let x(c) = g*c + 4 + c - w. Determine x(3).
-1
Let h(q) = -q**3 - 4*q**2 + 5*q + 5. Let r be h(-5). Let k(z) be the third derivative of z**6/120 - z**5/12 + z**4/12 - 5*z**3/6 + 4*z**2. Determine k(r).
5
Let n(r) = r + 5. Let j be n(0). Let d(s) be the first derivative of s**4/4 - 2*s**3 + 3*s**2/2 + 3*s + 5. Give d(j).
-7
Let j(x) = -3 - 3*x - 4 + 4*x. Let v(c) = c**2 - 3*c + 5. Let f be v(4). Suppose 0*p + 3*p = f. Determine j(p).
-4
Suppose 12 = -4*z, -5*n = -2*z + 7*z + 25. Let l(s) = s**3 + 2*s**2 + 3*s + 1. Determine l(n).
-5
Let u(s) = -s**3 - 2*s**2 + 4*s - 4. Let z(y) = -y**2 + y - 1. Let b(f) = -3*f**2 + f - 10. Let h(v) = -b(v) + 4*z(v). Let k be h(5). Determine u(k).
12
Let y(j) = 16*j**3 + 9*j - 1 - 4*j + 6*j**2 - 15*j**3. What is y(-5)?
-1
Let y be ((-20)/(-14))/((-8)/(-56)). Let p = y + -10. Let w(n) = -n - 10. What is w(p)?
-10
Let a be (-2)/((-2)/3) + -1. Let l(g) = 0*g + 4*g**2 + a*g + g**3 - 9*g + 1 - 4. Calculate l(-5).
7
Suppose j - 4 = -m, -2*j = -3*m + 2 - 5. Let i(q) be the third derivative of 0*q + 0 + 1/60*q**5 - 1/6*q**3 + 1/12*q**4 - 2*q**2. What is i(m)?
2
Let y = 26 + -19. Let s(b) = b - 17. What is s(y)?
-10
Let n(k) be the third derivative of -k**8/1120 - k**7/2520 + k**6/720 + k**5/120 - k**4/8 + 2*k**2. Let a(m) be the second derivative of n(m). Give a(-1).
5
Let d(n) = -n**2 - n + 1. Let a = 3 + -3. Suppose 4*l + 5 = -s, 3*s + 2*s + 5 = a. Let y(m) = m**3 - 5*m**2 - 8*m + 4. Let v(u) = l*y(u) + 4*d(u). What is v(3)?
-6
Suppose -l = -3*g - 31, 4*l = -2*g + 3*g + 69. Suppose -a + 12 = 2*w + a, -4*w - 2*a = -l. Let j(c) = 8 - 2 + w*c + c. What is j(-4)?
-6
Let o(i) = 4*i**2 - 3*i + 4. Let k(h) = -8*h**2 + 6*h - 7. Let s(z) = 4*k(z) + 7*o(z). Let g(m) = m**2 - 2*m - 1. Let v be g(3). Determine s(v).
-10
Let j(k) = 0*k - 2*k - 4 + k. Determine j(-10).
6
Let z(o) = -o**3 - 3*o**2 - 2*o - 4. Let s be z(-3). Let u(p) = -2*p - 3 - p**2 + 3*p**2 + s*p**2 + 4. What is u(1)?
3
Suppose 5*m + 39 = -4*z, -m = 2*m + 2*z + 23. Let u = 7 + m. Let y(a) = u*a + 0*a + 0*a - 3*a. Give y(2).
-6
Let w(u) = u + 1. Let r be 4/6 - -4*51/(-36). Give w(r).
-4
Let y(p) be the first derivative of p**5/60 - p**4/24 + p**3/3 - 2. Let w(z) be the third derivative of y(z). Let n be (-1)/((2/6)/1). What is w(n)?
-7
Let k(u) = -40*u**2 + 12 + 38*u**2 - 12 - 2*u. What is k(-2)?
-4
Suppose 42 = 3*f + g + 30, 16 = 4*f + 4*g. Let v be (2/6)/(2/12). Let j(x) = 2 + 0*x**v + 0 - 5*x + x**2. Calculate j(f).
-2
Let a = 1 - 2. Let z(k) = 13*k**3 + 6*k**2 - k - 1. Let o(i) = -14*i**3 - 7*i**2 + i + 1. Let v(t) = -5*o(t) - 6*z(t). What is v(a)?
7
Let r(f) be the first derivative of f**4/4 - 5*f**3/3 - 7*f**2/2 + 6*f - 25. Determine r(6).
0
Let w(j) be the first derivative of j**4/4 - 5*j**3/3 - 5*j**2/2 + 3. What is w(6)?
6
Let q(k) = -k**2 - 12*k + 1. Let r be q(-12). Let f(t) = 4*t. What is f(r)?
4
Let x(z) = -4*z - 13. Let k(u) = -2*u - 6. Let n(h) = 7*k(h) - 3*x(h). Give n(4).
-11
Let t(c) = -c**3 - 6*c**2 - c - 11. Let y be t(-6). Let z(v) = 0*v - 2 + 0*v - 2*v. Calculate z(y).
8
Let c(z) = z - 4 + 1 - 3. Suppose -2*n = -4*n + 5*j, 5*n = -4*j. Give c(n).
-6
Let f(c) = -c**2 + 9*c - 8. Let a be f(7). Let q(g) = 3*g**2 + 176*g - 2*g**2 + 1 - 183*g. Determine q(a).
-5
Let k = -9 - -14. Let b(c) = -k*c**2 + c - c - c + 2*c**2. Give b(-1).
-2
Let f(h) be the third derivative of -h**5/60 - h**4/8 - h**3/6 + h**2. Let x be (-3)/3*(3 - -2). Let r = 3 + x. Give f(r).
1
Let r(a) = -a + 2. Suppose -28 + 4 = -4*i. Let w = i + -3. Let b be ((-2)/w)/(3/(-18)). Determine r(b).
-2
Let x(v) = 1. Let r(p) = -2*p + 4. Let c(k) = -r(k) + 6*x(k). Let w be c(2). Let l(y) = 2*y - 9. What is l(w)?
3
Let y(b) be the third derivative of b**4/4 - 31*b**2. Determine y(-4).
-24
Let y be 74/14 + (-2)/7. Suppose 3*d = -h - 7, -4*d = h - y*h - 12. Let f(v) be the third derivative of v**5/15 + v**4/24 - 2*v**2. Determine f(d).
3
Let f(k) = 2 + 4*k - k**2 - 7 - 11*k. Let d be (21/(-7))/((-3)/(-2)). Let z be d/1*(-5)/(-2). Give f(z).
5
Let y = -2 - -13. Let a = -8 + y. Let g(h) = -2*h - 3 - a*h**2 - 4*h + 2*h**2. Determine g(-4).
5
Let c(s) = 5 - s**2 - 4*s + 6*s + 4*s. Give c(9).
-22
Let o(z) be the first derivative of 3 + 1/4*z**4 + 5/3*z**3 - 5*z + 0*z**2. What is o(-5)?
-5
Suppose 5*p = -13 + 3. Let y(q) = q**3 + 3*q**2 - 1. Let c be y(p). Let o(n) = n**2 - 2*n - 4. Determine o(c).
-1
Let q(a) = a**3 - 5*a**2 + a + 3. Let z = 0 - 4. Let x = z - -8. Calculate q(x).
-9
Let f(i) = -168 + 6*i + 174 + i**2 + 3*i. Calculate f(-6).
-12
Let l(o) = 3*o**3 - 3*o. Let u(z) = -2*z**3 - z**2 + 2*z. Let k(h) = 3*l(h) + 4*u(h). Let n(f) = -f**3 + 4*f**2 + 7*f - 6. Let v be n(5). Give k(v).
-4
Let m(u) = 0 + 0*u**2 - 3 - 6*u - u**2 - 1. Let z(q) = q - 2. Let s be z(-4). What is m(s)?
-4
Let b(x) = -2*x - 6. Let u be b(-5). Let i(p) = -p + 7. Let h(j) = 1. Let m(r) = u*h(r) - i(r). Suppose 6 = 4*c - 6. Determine m(c).
0
Let q(x) = 2*x**3 - x**2 - 4*x + 3. Let g(w) be the first derivative of -3*w**4/4 + 2*w**3/3 + 7*w**2/2 - 6*w - 4. Let o(l) = -3*g(l) - 5*q(l). What is o(0)?
3
Let s(a) be the third derivative of 0 + 0*a - 7/24*a**4 - 1/6*a**3 - a**2. Let f = -119 - -118. Give s(f).
6
Let i(g) = -8*g. Let o be (-3)/5 - (-10)/(-25). Give i(o).
8
Let q = 25 + -26. Let w(a) = 10*a**2 + a + 1. What is w(q)?
10
Let t(u) = u**2 + 3*u. Let q(y) be the first derivative of -y**2/2 + y - 3. Let a(g) = -q(g) + t(g). Suppose -5*j - 15 = -2*j. What is a(j)?
4
Let z(l) = -13*l + 22. Let v(r) = -r - r - r - 7 + 7*r. Let w(f) = -7*v(f) - 2*z(f). Calculate w(4).
-3
Let z(l) = -4*l + 2*l - 6 + 5*l - 5*l. Determine z(-6).
6
Let p be (2/3)/((-10)/15). Let q be 2 + 0 + p + 0. Let m(t) = 4*t**3 - 1. Give m(q).
3
Let d(h) = -2*h - 2 - h + h**3 - 5*h**2 + 0*h + 5*h. Calculate d(5).
8
Suppose j + p = -2*j - 2, 0 = -2*j - 5*p - 10. Suppose 3*f + 4*m - 7 = j, -4*f + 5 = 3*m - 2*m. Let r(s) = 2*s + 2*s**2 - 2 - 2 + 2 + f. What is r(2)?
11
Suppose -6 = -2*u + 2*w - 0, 15 = 5*u + w. Le